prime factors of b(7)?
3
Let h be (1 - 5)/((-8)/80). What are the prime factors of h/6 + 5/15?
7
Let j = 6 + -3. Suppose -s = -0*s + d, -5*s + 40 = -3*d. Let p = s + j. List the prime factors of p.
2
Suppose 10 = 9*v - 4*v. Suppose -27 = -5*i + 13. List the prime factors of (v - 2 - -1) + i.
3
Suppose -k + 5 = c - 4, 5*k - 5 = 3*c. Suppose -18 = -5*b - 3*z, -b - k*b = -5*z - 10. What are the prime factors of b/1*1 - -3?
2, 3
Suppose 9 = 5*n - 11. Let l be (3/n)/((-4)/(-16)). Suppose 2*b = -l*b + 45. List the prime factors of b.
3
Suppose 3*j - 5*j = -10. Suppose m + 4 = 1, j*m + 44 = c. List the prime factors of c.
29
Suppose -4 = -4*y, q - 2*y = 6*q - 292. Suppose -5*h - 2*t = -t - 100, -t = 3*h - q. What are the prime factors of h?
3, 7
List the prime factors of (-1 - 3)/4 + 50.
7
Suppose 3*u - 44 = 5*y - 4, 5*u - 35 = 2*y. Let z be 3 - (-4 - (1 + -4)). Suppose 3*l = z + u. What are the prime factors of l?
3
Suppose 16 = -b + 3*b. Let l(d) = -d**2 + 15*d - 10. Let j be l(b). Suppose j = 4*n - 2. List the prime factors of n.
2, 3
Let n = -5 - -9. Let h(t) = -t**2 + 4*t + 4. Let c be h(n). List the prime factors of (-160)/(-28) - c/(-14).
2, 3
Let v(o) be the second derivative of -o**3 - 2*o**2 - o. What are the prime factors of v(-5)?
2, 13
Let d(b) = b**2 + b + 4. What are the prime factors of d(-7)?
2, 23
What are the prime factors of (-22)/((-28)/8 - -3)?
2, 11
Let w be 12/15*10/4. Suppose -2*r - 20 = -3*a - r, -w*a - 3*r = 5. List the prime factors of a.
5
Let v = 10 + -4. Suppose 2*c = v*c - 112. Let y = -16 + c. What are the prime factors of y?
2, 3
Suppose 7 = 3*d - 2. Suppose -2*x - 2 = -4*l, -d*x + 3 = 5*l - 16. List the prime factors of l.
2
Suppose 2*m = -13 + 55. Let n be 346/14 + 6/m. Suppose 0 = -5*x + 25 + n. What are the prime factors of x?
2, 5
Suppose x = -2*x + 12. Suppose x*v + 3*c = 4*c + 17, 13 = 3*v - c. What are the prime factors of v?
2
Let n be 3/((-1)/(-5)*3). Suppose 12 = 4*w, -3*w = -0*h + n*h - 109. List the prime factors of h.
2, 5
Suppose -5*o + o + 112 = 0. What are the prime factors of o?
2, 7
Let q = -6 - -11. Let u = -12 + 17. Suppose q*r = p + 23, -u*p + r + 15 = 2*r. What are the prime factors of p?
2
Let c = -3 + 5. Suppose 3*f - 5*n - 1 + 2 = 0, -14 = -3*f + c*n. Suppose -2*s = -5*u + 2, -4*s = -u - 6 - f. List the prime factors of s.
2
Let j(v) = v**2 + 2*v - 2. List the prime factors of j(8).
2, 3, 13
Let i = 8 - -30. What are the prime factors of i?
2, 19
Let n(c) = c**3 + 14. Let d be n(0). Let p be 0/2 - (-1 - 22). Let q = p - d. What are the prime factors of q?
3
Let d be 0*3/(12/2). What are the prime factors of (-4)/(-2) + d/1?
2
What are the prime factors of (2 + -3)*-3 - -38?
41
Let f(g) be the first derivative of g**3/3 - 7*g**2/2 + 8*g + 1. Let w = -7 - -14. List the prime factors of f(w).
2
What are the prime factors of (-5)/(-4)*(-2 - -6)?
5
Let p = -9 + 52. What are the prime factors of p?
43
Suppose l - 12 = -3*l. Let t = 8 - 1. Let i = t + l. What are the prime factors of i?
2, 5
Let l(j) = -j - 4. Let u be l(-8). Suppose 234 = u*h + 2*h. What are the prime factors of h?
3, 13
Let x(o) = -o**2 - 12*o - 15. Let y be x(-6). List the prime factors of (4 - 0) + -3 + y.
2, 11
Suppose 5*x - 2*x = 30. List the prime factors of x.
2, 5
Let s = 533 + -333. List the prime factors of s.
2, 5
Let z(t) = 5*t + 11. Let g(q) = -10*q - 21. Let d(h) = -2*g(h) - 5*z(h). What are the prime factors of d(-10)?
37
Let j(l) = -5*l - 13. Let u(m) = m**2 - 10*m + 10. Let i be u(6). What are the prime factors of j(i)?
3, 19
Let o = 11 + -6. Suppose o*g - 7 = 78. What are the prime factors of g?
17
Suppose 4*o - 10 - 2 = 0. Suppose 0*u = -o*u + 42. List the prime factors of u.
2, 7
Let t(s) = -s. Let o be t(3). What are the prime factors of 1/(1*o/(-93))?
31
Let t(b) be the second derivative of b**3/3 - 2*b**2 + 2*b. What are the prime factors of t(4)?
2
Let y be 1 + (-1 - -2*1). Let j(w) = w**3 - 9*w**2 + w - 4. Let v be j(9). Suppose -v - y = -d. What are the prime factors of d?
7
Suppose 1 = -5*k + 11. Suppose 0 = -5*p + k*q + 70, 0*p + 5*q = -p + 41. What are the prime factors of p?
2
Let k(g) = g + 4. Let b be k(-10). Let c be (-14)/b + (-2)/(-3). Suppose -c*z = -z - 10. What are the prime factors of z?
5
Suppose x = -4*m + 66, -3*x - 4*m = -m - 180. Suppose -2*l - 115 + 5 = -5*v, -2*v - 2*l + x = 0. What are the prime factors of v?
2, 3
Suppose 12*n - 14*n - 6 = 0. Suppose -5*s - 4*z - 75 = z, 1 = s - 3*z. Let a = n - s. List the prime factors of a.
2
List the prime factors of -1822*2/(-44) - (-6)/33.
83
Suppose -126*o + 330 = -121*o. List the prime factors of o.
2, 3, 11
Let p(j) = -4*j + j + 4*j**2 + 2*j**2 + 2*j. What are the prime factors of p(2)?
2, 11
Let m(l) = 4*l - 3. Let h(o) = -5 + 1 - 3*o + 9*o. Let q(c) = 5*h(c) - 8*m(c). List the prime factors of q(-4).
2, 3
Let w(i) = i + 11. Let l be w(-9). Suppose -t - 67 = -l*s - 3*s, 3*s = t + 39. Suppose 0 = -2*u + 3*u - s. What are the prime factors of u?
2, 7
What are the prime factors of (-1)/(-3*4/2952)?
2, 3, 41
Let u = 73 - 44. Suppose x - u = -5*s, -4*x + 10 = -6. Suppose 41 = 2*d - s*t + 16, 3*d = 2*t + 21. What are the prime factors of d?
5
Let r(z) = -z**3 + z**2 + z - 14. List the prime factors of r(-5).
131
Let r(o) = -2*o + 1 + 3*o**2 - 2*o**2 + 4*o. Let t be r(-3). Suppose t = 4*q - 12. What are the prime factors of q?
2
List the prime factors of 0 - (2 + 178/(-2)).
3, 29
Suppose 64 = 3*q - q. List the prime factors of q.
2
Let i = 196 - -78. What are the prime factors of i?
2, 137
Suppose 3*w - 4*w + 23 = -4*f, 4*f + 44 = 4*w. Suppose -5*i - w = 13. Let u = 12 + i. What are the prime factors of u?
2
Let c = -5 - -2. Let n = c + 22. List the prime factors of n/4 + (-3)/(-12).
5
Suppose 2*y = -2*y + 8. Suppose y*o = 3*o + 5*f - 30, -2*f + 20 = 2*o. Suppose o*p - p = 64. What are the prime factors of p?
2
Let j = 516 + -307. What are the prime factors of j?
11, 19
Let z be ((-3)/6)/((-2)/(-20)). Let q = z + 10. What are the prime factors of q?
5
Suppose -5*d + 25 = -p, 0 = 2*p - 0*d + 5*d - 10. Let m = p + 16. List the prime factors of m.
11
Suppose a = -2 + 5. Let x be 1 - (4 + -3)*1. Suppose -2*k + 1 + a = x. What are the prime factors of k?
2
Let j = 204 - 66. List the prime factors of j.
2, 3, 23
Suppose -k + 267 = -3*z, -k - 2*k = 2*z - 746. What are the prime factors of k?
2, 3, 7
Suppose -5*h + 5*j + 475 = 0, -5*j - 83 = -0*h - h. What are the prime factors of h?
2, 7
Suppose 5*u + 5*b - 575 = -90, 4*u - b = 363. List the prime factors of u.
2, 23
Let w(o) = o - 2. Let m be w(4). Suppose 0*a = -m*a + 16. List the prime factors of a.
2
Suppose 1 = -4*c + 17. List the prime factors of c/(-12) + (-44)/(-6).
7
Suppose 2*m - 112 = 2. What are the prime factors of ((-15)/(-5))/(9/m)?
19
Let i be 1 - (-1 - (-2)/(-1)). Suppose i*t + 4 = -3*v, -4*v - 2*t + 12 = -t. Suppose v*h = -h + 55. What are the prime factors of h?
11
Let s be (2 - -3)*(0 + 1). Suppose 33 = 3*n + 3*c, -s*n = -2*c - 13 - 35. What are the prime factors of n?
2, 5
Let g(h) = h + 10. Let z(i) = -i**3 + 5*i**2 - 7*i + 6. Let y be z(4). List the prime factors of g(y).
2
Suppose -17 = 4*c + 5*r, 2*r + 10 - 4 = -2*c. Suppose -c*y - j + 30 = 0, -5*y + 49 = -3*j - 26. List the prime factors of y.
3, 5
Let r(y) = 2*y**2 - y + 4*y - 3 + 0*y**2 + 0. List the prime factors of r(-4).
17
Let s(z) = z - 2. Let j be s(4). Let f(q) = -q**3 + q + 5. Let l be f(0). List the prime factors of 2 + l + j + 0.
3
Let f be 2/(-9) + (-2)/(-9). Suppose f = -4*q - 5*w + 1, 0*q + 3*w = 3*q - 21. Suppose -q*o + 33 = -3. What are the prime factors of o?
3
Let p = -70 + 48. Let b = -9 - p. What are the prime factors of b?
13
Let r be 2 + (-3)/((-9)/12). Suppose -r*p + 2*p + 3*z + 36 = 0, -2*p + 4 = 2*z. List the prime factors of p.
2, 3
Let c(z) = z**2 - 7*z + 8. Suppose -16 = -5*a + 19. What are the prime factors of c(a)?
2
Suppose -z + 28 = -5*z. Let w(b) = b**3 + 9*b**2 + 6*b - 2. List the prime factors of w(z).
2, 3
Suppose -39 = -3*y + 6. Let q = y + -6. Let j = 17 - q. What are the prime factors of j?
2
Let l be -2 + (3 - (-2 + 3)). Suppose l*z + 4*z = 64. What are the prime factors of z?
2
Suppose 7*h - 3*h = 16. Let v be 3 + h/2 - 2. Let n(p) = p**2 - p + 1. List the prime factors of n(v).
7
Le